 l = -5*w + 4*w. What is the remainder when 102 is divided by q?
18
Suppose 43 = 2*v - 15. Let r(o) = o**2 - 14*o - 17. Let z be r(14). Let y = z + v. What is the remainder when 43 is divided by y?
7
Let s(a) be the second derivative of -3*a**2 + 0 - 1/3*a**3 + 3*a. Calculate the remainder when s(-7) is divided by 5.
3
Let k be 4 - 756/15 - (-9)/(-15). Let j = k + 53. Calculate the remainder when 8 is divided by j.
2
Let p(o) = 9*o - 3*o**3 + 6 - 5*o**2 - 4*o + o. Let c(z) = -z**3 - z**2 + z + 1. Let n(i) = -2*c(i) + p(i). What is the remainder when n(-4) is divided by 2?
0
Let w = 11 - -1. Let f = w - -55. What is the remainder when f is divided by 24?
19
Suppose -11*t - 32 + 285 = 0. Calculate the remainder when (-6*3/6)/(9/(-474)) is divided by t.
20
Let z = 1148 + -1119. What is the remainder when 111 is divided by z?
24
Let d be 0/3 - -11 - 3. Let n = -4 + d. Suppose q = -k - 2*q + n, 4*q = -k + 2. What is the remainder when k is divided by 6?
4
Suppose z - 32 = -3*z. Suppose 0 = 5*u - 227 + 72. What is the remainder when u is divided by z?
7
Let k = 8 - 11. What is the remainder when 7 is divided by 5*1*(-3)/k?
2
Suppose -2*j = -11 - 1. Suppose 5*o - j = 3*o. Suppose 5*b = -3*t + 107, o*t + 5*b - 4*b - 91 = 0. Calculate the remainder when 114 is divided by t.
27
Let v = -33 + 50. Calculate the remainder when ((-275)/15 - -8)*-3 is divided by v.
14
Suppose 4*v - 181 = 19. Calculate the remainder when v is divided by 27.
23
Let b be (135/75)/((-3)/(-35)). Let j be 47/(-3) - (-2)/(-6). Let a = b + j. Calculate the remainder when 9 is divided by a.
4
Suppose -3*m = -0*m. Suppose b - 2*i = 4*b + 16, m = -5*b - 5*i - 35. What is the remainder when 40 is divided by 3/b*(-84)/9?
12
Let m(x) = -88*x + 814. Suppose -3*g - 3*h + 243 = 0, -5*g - 3*h - h + 408 = 0. What is the remainder when g is divided by m(9)?
18
Suppose 5*c = 9*c - 12. Let n be 2/(-3) + 59/c. Suppose -s - q = -5*q - n, 51 = 5*s + 2*q. What is the remainder when 42 is divided by s?
9
Suppose 0 = 5*t - 5*r - 5, 0*t - 5*t = -3*r + 5. Calculate the remainder when 80 is divided by 42/(-2 - (-8 - t)).
17
Let q(g) = g - 2. Let m be q(5). Suppose 2*p + 0*r - m*r - 88 = 0, 4*p - 208 = -2*r. Calculate the remainder when p is divided by 17.
16
Let n(x) = 2*x - 14. Suppose 5*y = -5*g - 0*g + 5, 9 = 3*y + g. Suppose 2*q + y + 0 = 0, -5*s = -q - 52. Calculate the remainder when 22 is divided by n(s).
4
Let v(p) = -14*p - p + 3*p**2 + 2*p + 13 + 0*p**2. What is the remainder when v(7) is divided by 18?
15
Suppose 31*u - 41*u = -570. What is the remainder when u is divided by 23?
11
Let n(x) = -2*x**2 - 27*x - 11. Let r be n(-13). Suppose 0 = 2*t + r*t - 120. What is the remainder when 118 is divided by t?
28
Let x(q) = -q + 1. Let w(v) = -13*v - 4. Let o(b) = w(b) - 3*x(b). Calculate the remainder when o(-8) is divided by 19.
16
Suppose 0*k - 188 = -4*k. What is the remainder when k is divided by (-2 - -3)*-3 - -19?
15
Let f = -134 - -178. What is the remainder when f is divided by 16?
12
Let m(l) = l**2 + 13*l + 38. Calculate the remainder when 44 is divided by m(-12).
18
Let k(w) = w**2 - 6*w + 12. Suppose -5*l - 3*z = -70, -l = -4*l + z + 42. What is the remainder when k(11) is divided by l?
11
Suppose 2*q = q + 1. Let y be q/((-2)/6*-1). Suppose 3*k - 8*k + 105 = -5*c, 4*c + 67 = y*k. What is the remainder when k is divided by 5?
2
Suppose 4*r - 3*w - 367 = -0*w, -2*r + w + 183 = 0. Suppose -r = -3*j + 3*c - 10, 2*j = -2*c + 58. What is the remainder when 53 is divided by j?
25
Suppose -6*u + 21 + 63 = 0. Suppose 10*w = u*w + 16. Calculate the remainder when w/(-2) - (-24 + 8) is divided by 10.
8
Let z(x) = x**3 - 5*x**2 - 14*x + 6. Let q be (-3)/(-9) - (-249)/9. Suppose -4*b - q = -8*b. Calculate the remainder when z(b) is divided by 2.
0
Suppose 3*f - 5*l = 37, 4*l = f + 2*f - 32. Let m(u) = u - 2. Let c(n) = -n**3 + 61*n + 118. Calculate the remainder when c(-2) is divided by m(f).
0
Let i(z) = 4*z**2 + z - 1. Suppose -2 = -m - 0. Suppose 0 = 4*a - 30 + m. What is the remainder when a is divided by i(1)?
3
Let r be 1 - (-2 + -3 + 4). Let x(i) = i**3 - 3*i**2 - 4*i + i**r - 2*i**3 - 4 + 0. What is the remainder when x(-3) is divided by 11?
6
Let j(i) = -9*i + 5 - 3*i**2 + 2*i**2 - 4*i - 28. Suppose -5*l = s - 6*s + 35, 5*s = -5*l - 45. Calculate the remainder when 99 is divided by j(l).
14
Let t be 56/10 - (-24)/60. Suppose 0 = i - t*o + o - 31, -3*i + 49 = -4*o. Calculate the remainder when 29 is divided by i.
7
Suppose 2*m = 4 - 0. Let b = 50 + -33. Suppose m*c + b = 3*c. Calculate the remainder when 32 is divided by c.
15
Let b = 38 + -66. Suppose 0 = 3*k - 6*k + 54. What is the remainder when 30/24*b/(-1) is divided by k?
17
Let a(s) = s**3 - 5*s**2 - 9*s + 4. Let c(p) = 2*p - 19. Let j be c(13). Calculate the remainder when a(j) is divided by 11.
6
Let h(u) = u**3 + 3*u**2 - 12*u - 10. Let k be h(-5). Let o be (1*2)/((-8)/4). Calculate the remainder when 58 is divided by -1*(k + -14 + o).
13
Let v(w) = 6*w + 234. What is the remainder when 122 is divided by v(-20)?
8
Let z(l) = 9*l - 7. Let f(v) = 18*v - 15. Let d(b) = -6*f(b) + 13*z(b). Let p(i) = -6*i**3 + 2*i + 3. What is the remainder when d(3) is divided by p(-1)?
5
Suppose 4*c + 15 = 5*c + t, -2*t = -4*c + 90. Let a = 101 + -63. Calculate the remainder when a is divided by c.
18
Suppose 5*b - 58 = -3*v, b + 13 = -3*v + 87. Calculate the remainder when 95 is divided by v.
17
Suppose -3*w - 2*j - 44 = -5*w, 4*j + 3 = -w. Calculate the remainder when (-398)/(-6) - (-2)/3 is divided by w.
16
Suppose -3*f + 4*r - 293 = 0, -5*f - 235 = r + 238. Let w = -172 - f. What is the remainder when 57 is divided by 163/11 - 14/w?
12
Suppose 5*r + 220 = 10*r. Suppose -p + 3*u + 43 = -r, -5*u = 5*p - 455. What is the remainder when p is divided by 34?
22
Let n(l) = -l - 9. Let s be n(16). Let j be 7/(140/8)*s. What is the remainder when 14 is divided by (-5)/(j/24) - 4?
6
Suppose 16*f - 5*o - 18 = 18*f, -5*f + 25 = -5*o. What is the remainder when 3 is divided by f?
0
Let v = -143 + 148. Let f(g) be the second derivative of -g**5/20 + 3*g**4/4 - g**3/2 - 6*g**2 - g. What is the remainder when f(v) is divided by 19?
16
Let f = -16 - -14. Let o(l) = -3*l - 6. Let m(q) = 4*q + 6. Let a(y) = f*m(y) - 3*o(y). What is the remainder when a(5) is divided by 4?
3
Suppose 6*n - 2*n = 0. Suppose -115 = -n*h - 5*h. What is the remainder when h is divided by (4/(-2))/(2/(-6))?
5
Let d(z) = 6*z**2 + 2*z - 1. Let a be d(-1). Suppose 4*h + 4*t - 168 = -8, -2*t + 122 = a*h. What is the remainder when h is divided by 15?
12
Let u = -3 - -7. Suppose 3*f + 3 = 0, 5*f - 17 - 150 = -u*k. Suppose -7*v + k = -6*v. Calculate the remainder when v is divided by 11.
10
Let m = 14 - -19. Calculate the remainder when m is divided by 21*(-5)/15 + 25.
15
Let c(x) = x**2 - 7*x + 21. Calculate the remainder when 72 is divided by c(6).
12
Suppose -64 = -2*a - 12. Calculate the remainder when 102 is divided by a.
24
Calculate the remainder when 28/(-168) + (-662)/(-12) is divided by 14.
13
Let j = 36 - 29. What is the remainder when 200 is divided by j?
4
Let u(q) be the first derivative of 2/3*q**3 - 5/2*q**2 - 9*q - 4. What is the remainder when 46 is divided by u(5)?
14
Let b(s) = -2*s**3 + 13*s**2 + 10*s - 18. Calculate the remainder when b(4) is divided by 11.
3
Suppose 0 = 5*q + h - 44, -4*q - 2*h + 40 = -0*q. Calculate the remainder when q is divided by 7*(-2 + 3) + -4.
2
Suppose 3*t - 58 = 11. What is the remainder when 78 is divided by t?
9
Let n = 547 + -301. What is the remainder when n is divided by 50?
46
Suppose 0 = -5*g - 3 + 8, 4*g = -5*c + 154. Calculate the remainder when (30 - (-8715)/147) + 18/(-14) + 1 is divided by c.
29
Calculate the remainder when 327 is divided by (145/116 - 23/12)*-99.
63
Suppose 3*b - 82 = 38. Suppose -5*g = -4*c + 177, c - 3*g = 2*c - b. Calculate the remainder when c is divided by 22.
21
Let s be 7/1*(13 - 10). Let k = s + -16. Suppose -6*x + 2*x + 40 = -2*o, 32 = 2*x + 2*o. What is the remainder when x is divided by k?
2
Let x be 4/(-32) - (-194)/16. Suppose -2*n + 80 = x. Calculate the remainder when n is divided by (2/5)/((-8)/(-240)).
10
Let n(p) = -p**3 + 9*p + 9. Calculate the remainder when 42 is divided by n(0).
6
Suppose 